n factor of 60 and 20?
20
Calculate the highest common divisor of 34 and 15402.
34
What is the highest common divisor of 99 and 66?
33
Calculate the greatest common divisor of 98 and 147.
49
What is the greatest common factor of 10 and 55?
5
Calculate the highest common factor of 90 and 6165.
45
What is the greatest common divisor of 820 and 369?
41
What is the highest common factor of 172 and 5117?
43
What is the highest common divisor of 320 and 280?
40
Calculate the greatest common divisor of 74 and 38.
2
Calculate the greatest common factor of 437 and 152.
19
What is the greatest common divisor of 80 and 96?
16
Calculate the highest common factor of 11190 and 30.
30
Calculate the greatest common factor of 7644 and 312.
156
What is the greatest common divisor of 873 and 45?
9
What is the greatest common divisor of 56 and 1218?
14
What is the highest common divisor of 47 and 2209?
47
What is the highest common divisor of 128 and 15488?
128
Calculate the highest common factor of 1125 and 9.
9
What is the highest common divisor of 1512 and 1188?
108
What is the highest common divisor of 30 and 5325?
15
What is the highest common divisor of 803 and 22?
11
Calculate the highest common divisor of 3619 and 308.
77
What is the greatest common factor of 273 and 26?
13
What is the highest common divisor of 196 and 56?
28
What is the highest common divisor of 405 and 30?
15
Calculate the highest common factor of 423 and 1081.
47
Calculate the greatest common factor of 392 and 4088.
56
Calculate the greatest common factor of 3633 and 21.
21
What is the greatest common divisor of 3 and 40?
1
Calculate the highest common factor of 375 and 1750.
125
Calculate the greatest common factor of 63 and 1962.
9
What is the greatest common divisor of 80 and 64?
16
Calculate the greatest common factor of 644 and 184.
92
Calculate the highest common divisor of 2336 and 64.
32
Calculate the greatest common factor of 3286 and 212.
106
What is the greatest common divisor of 3861 and 39?
39
Calculate the highest common factor of 2403 and 378.
27
What is the greatest common factor of 4816 and 387?
43
Calculate the highest common divisor of 12480 and 1092.
156
What is the greatest common factor of 30 and 13215?
15
Calculate the greatest common factor of 650 and 1040.
130
Calculate the highest common divisor of 19459 and 122.
61
Calculate the highest common divisor of 41 and 164.
41
Calculate the greatest common factor of 12 and 30.
6
What is the greatest common divisor of 38 and 266?
38
What is the greatest common factor of 640 and 440?
40
Calculate the greatest common divisor of 40 and 190.
10
What is the highest common divisor of 3311 and 1204?
301
Calculate the greatest common factor of 6183 and 916.
229
Calculate the highest common factor of 33 and 2398.
11
Calculate the greatest common factor of 728 and 16.
8
What is the highest common factor of 1269 and 351?
27
Calculate the highest common factor of 252 and 666.
18
What is the highest common factor of 7623 and 63?
63
What is the highest common divisor of 66 and 36?
6
What is the greatest common factor of 462 and 132?
66
What is the greatest common factor of 69 and 1863?
69
What is the highest common divisor of 2236 and 52?
52
Calculate the greatest common divisor of 425 and 900.
25
Calculate the greatest common factor of 180 and 50580.
180
What is the greatest common divisor of 4634 and 56?
14
Calculate the greatest common divisor of 11 and 253.
11
What is the greatest common divisor of 34 and 17?
17
Calculate the greatest common factor of 28 and 1792.
28
Calculate the highest common factor of 4125 and 165.
165
What is the greatest common divisor of 16 and 17864?
8
What is the highest common factor of 246 and 3526?
82
What is the highest common divisor of 2400 and 384?
96
Calculate the highest common divisor of 184 and 136.
8
What is the highest common divisor of 182 and 378?
14
What is the greatest common divisor of 2 and 94?
2
What is the greatest common factor of 7052 and 8?
4
What is the highest common divisor of 207 and 1886?
23
What is the highest common factor of 4234 and 730?
146
Calculate the greatest common divisor of 210 and 6510.
210
What is the highest common divisor of 72 and 9?
9
Calculate the greatest common factor of 2 and 13.
1
What is the highest common divisor of 399 and 105?
21
What is the greatest common divisor of 50 and 325?
25
What is the greatest common divisor of 7878 and 78?
78
Calculate the greatest common divisor of 97 and 1261.
97
What is the highest common divisor of 12528 and 1296?
432
Calculate the greatest common factor of 3519 and 18.
9
Calculate the greatest common divisor of 5221 and 227.
227
Calculate the greatest common factor of 437 and 1403.
23
What is the greatest common factor of 96 and 3296?
32
What is the greatest common factor of 36 and 1140?
12
Calculate the greatest common factor of 56 and 1624.
56
Calculate the greatest common divisor of 5 and 25.
5
Calculate the highest common divisor of 15 and 345.
15
What is the greatest common factor of 6095 and 1060?
265
Calculate the greatest common divisor of 676 and 104.
52
What is the highest common divisor of 171 and 19?
19
What is the highest common factor of 45 and 100?
5
Calculate the greatest common divisor of 6825 and 30.
15
Calculate the greatest common divisor of 200 and 16.
8
Calculate the highest common factor of 512 and 35584.
256
Calculate the greatest common divisor of 9 and 630.
9
Calculate the highest common divisor of 910 and 104.
26
What is the highest common factor of 40549 and 41?
41
Calculate the highest common factor of 21 and 1036.
7
What is the highest common factor of 48 and 552?
24
Calculate the highest common factor of 496 and 34472.
248
What is the highest common divisor of 292 and 17155?
73
Calculate the greatest common divisor of 148 and 37.
37
What is the greatest common divisor of 468 and 26?
26
Calculate the greatest common divisor of 1072 and 8.
8
What is the highest common factor of 34 and 5695?
17
Calculate the greatest common divisor of 42 and 714.
42
Calculate the greatest common factor of 432 and 486.
54
Calculate the highest common divisor of 42 and 1266.
6
Calculate the greatest common divisor of 1336 and 835.
167
Calculate the greatest common factor of 2394 and 28.
14
Calculate the highest common divisor of 108 and 828.
36
Calculate the greatest common divisor of 11578 and 1.
1
What is the greatest common divisor of 110 and 550?
110
What is the highest common factor of 324 and 2106?
162
What is the highest common factor of 1206 and 1407?
201
What is the greatest common divisor of 1 and 30?
1
Calculate the greatest common factor of 32 and 128.
32
Calculate the highest common factor of 665 and 70.
35
What is the greatest common factor of 230 and 40?
10
What is the greatest common divisor of 320 and 24?
8
Calculate the highest common divisor of 122 and 27938.
122
What is the highest common divisor of 2660 and 28?
28
What is the highest common factor of 4847 and 1048?
131
What is the greatest common factor of 1483 and 2?
1
What is the highest common factor of 1056 and 99?
33
Calculate the highest common divisor of 31485 and 45.
15
Calculate the greatest common factor of 1247 and 174.
29
What is the greatest common factor of 76 and 1501?
19
What is the highest common factor of 296 and 56?
8
What is the greatest common factor of 99 and 4059?
99
What is the greatest common factor of 187 and 85?
17
What is the greatest common factor of 117 and 3627?
117
What is the highest common divisor of 12 and 1302?
6
Calculate the greatest common factor of 1710 and 240.
30
What is the highest common factor of 36 and 10989?
9
Calculate the greatest common factor of 3123 and 18.
9
Calculate the highest common divisor of 75 and 525.
75
Calculate the greatest common divisor of 544 and 17.
17
Calculate the highest common factor of 42 and 2478.
42
What is the greatest common factor of 406 and 56?
14
Calculate the highest common divisor of 91 and 14.
7
Calculate the greatest common divisor of 112 and 910.
14
Calculate the greatest common divisor of 5 and 625.
5
Calculate the greatest common factor of 1653 and 228.
57
Calculate the highest common factor of 2 and 214.
2
What is the greatest common divisor of